the highest common factor of r and m.
11
Let f be (2/2 + -8)/(46/(-230)). Calculate the highest common divisor of f and 105.
35
Let l(g) = -g**3 - 4*g - 4. Let r be l(-4). Let f(a) = 7*a - 11. Let n be f(-5). Let u = n + r. Calculate the highest common divisor of u and 6.
6
Suppose -5*w + 15 = 2*p, 0 = 4*p - 3*w - 9 - 86. Calculate the greatest common divisor of p and 60.
20
Suppose 14*k + 19 = 103. Calculate the greatest common factor of k and 3.
3
Suppose 5*p - 227 - 143 = 0. Suppose -3*o + p = -25. What is the greatest common divisor of o and 3?
3
Let i(k) = -k**3 + 9*k**2 - 8*k - 6. Let b be i(7). Let h(w) = w**2 - 7. Let r be h(5). Calculate the greatest common divisor of r and b.
18
Suppose 14*b - 13*b - 4 = 0. Calculate the highest common factor of 20 and b.
4
Let b(u) = 3*u**2 - 11*u - 7. Let g be b(6). What is the greatest common factor of g and 280?
35
Let k(m) be the first derivative of -m**4/4 - 3*m**3 - 11*m**2/2 - 13*m - 5. Let d be k(-8). What is the greatest common factor of d and 121?
11
Suppose 2*y + 4*d = 14, -5*y - 3*d + 57 = -4*d. Calculate the highest common divisor of y and 77.
11
Let j be 96/4*(-1)/(-2). What is the highest common divisor of 4 and j?
4
Suppose 0 = -t + 5*c - 8 + 32, 3*c = -4*t + 27. What is the highest common factor of 63 and t?
9
Suppose 56 = -4*i - 0*i. Let z be i/6*(-8 + -1). Calculate the highest common divisor of 147 and z.
21
Let r(z) = -z**3 - z - 4. Let m be r(0). Let y be 55/10 - 2/m. Calculate the highest common factor of y and 18.
6
Suppose 4*w - 269 = 35. Suppose 5*r = r + w. What is the greatest common divisor of 19 and r?
19
Let z(d) = -3*d**3 + d + 4. Let p(r) = r**3 + r**2. Let j(m) = -2*p(m) - z(m). Let i be j(3). What is the highest common divisor of 10 and i?
2
Let k be (-8)/(-3)*(-15)/(-10). Let g = k - 4. Suppose 4*d - 2*z + 0*z - 34 = g, -5*d = -2*z - 41. What is the greatest common factor of 7 and d?
7
Suppose 4*g - 1316 = -0*g. Suppose -4*j = -227 - g. Suppose -514 = -5*p - j. Calculate the highest common factor of p and 15.
15
Let h(c) = c**2 + 4. Let s be h(-4). Let m(y) = 2*y**2 - 2*y + 1. Let p be m(2). Calculate the highest common divisor of p and s.
5
Let p(y) be the first derivative of -y**2 + 7/4*y**4 + y + 2 + 1/3*y**3. Let t be p(1). What is the greatest common divisor of t and 49?
7
Suppose a = -2*k - a + 28, 0 = 5*a - 25. Let z(i) = i - 4. Let y be z(6). Suppose 3*q - 3 = y*q. What is the highest common factor of k and q?
3
Suppose -n + 54 = 4*s, n - 3*n - s + 115 = 0. Let k = n + -86. Let y = 49 + k. What is the greatest common factor of y and 42?
21
Let l be 37/5 - 18/(-30). What is the highest common divisor of l and 12?
4
Suppose -j = u + 3*j, 2*u = -5*j + 3. What is the greatest common divisor of u and 36?
4
Suppose -7*y = -8 - 13. What is the highest common divisor of y and 33?
3
Let p = -14 - -34. Suppose 3*w - 5*w = -p. Calculate the greatest common factor of 50 and w.
10
Let n = -36 + 101. Let g be (0 + n)*(-4)/(-5). What is the highest common factor of g and 13?
13
Let z be (170/(-51))/((-4)/6*1). What is the greatest common divisor of 45 and z?
5
Suppose 2*u - 8 + 2 = 0. Let y be ((-45)/(-3))/(1/u). Calculate the greatest common divisor of 5 and y.
5
Let k(o) = o**2 - 28*o - 24. Let v be k(31). What is the highest common divisor of v and 23?
23
Let l(g) = 2*g - 2. Let u be l(4). Let v be ((-3)/2)/((-1)/u). What is the greatest common divisor of v and 63?
9
Let v be -88*1*2/(-4). Let a = v + -14. Let i = a + -18. Calculate the greatest common divisor of 4 and i.
4
Suppose 4*h - 260 = -h. Calculate the highest common divisor of 130 and h.
26
Suppose -4*z + 8 = -4*h, -4*h - 6 - 6 = -5*z. Suppose -4 = -h*t + t. Suppose 0 = t*a - 100 - 76. Calculate the highest common factor of a and 4.
4
Suppose -4*p - 10 = -9*p. Suppose -4 = i, r = -4*i + 5*i + 7. What is the greatest common divisor of r and p?
1
Suppose -a + 111 - 31 = 5*x, 3*a = -2*x + 227. Calculate the highest common factor of 30 and a.
15
Let h(a) = a**2 + 2. Let y be h(0). Let i be 0 - -74*1 - y. What is the highest common factor of 9 and i?
9
Let g(u) = -u**2 + 2*u + 9. Let y be (-40)/(-15) - (-1)/3. Let l be g(y). Calculate the highest common factor of l and 60.
6
Let g(z) = -4 + z**3 + 0*z**3 + 7*z - 26*z**2 + 35*z**2. Let s be g(-8). What is the greatest common factor of 4 and s?
4
Let r be 203/4 + (-2)/(-8). What is the greatest common factor of r and 34?
17
Suppose -4*g + 74 = g + f, 0 = -5*g - 2*f + 73. What is the greatest common divisor of 9 and g?
3
Suppose 38 = s - 62. Let z be 20 + 1 + 0 + -1. Calculate the greatest common factor of s and z.
20
Let a be (-3 + 0)*(5 + -8). What is the highest common factor of a and 81?
9
Suppose -3*j - 6 - 1 = b, 0 = -5*b + 4*j + 41. Suppose -5*y + 0*y + 100 = 0. What is the greatest common divisor of b and y?
5
Suppose -2*j + 35 - 11 = -2*v, -20 = 5*v. Calculate the greatest common divisor of 56 and j.
8
Suppose 0 = -3*m + 634 - 256. Calculate the greatest common factor of 14 and m.
14
Let r be (-6)/(-2)*1/(-3). Let u(s) = 1 - 3 + 3 - 55*s. Let h be u(r). Calculate the greatest common factor of h and 14.
14
Let v = 19 + -11. Let o(j) = j + 1. Let m be o(5). Let l(w) = 2*w**2 + w - 6. Let q be l(m). Calculate the highest common divisor of v and q.
8
Let q = -7 - -11. Let o be q + -2 + 0 + -1. Let i = -205 + 208. What is the greatest common divisor of i and o?
1
Let s(z) be the second derivative of z**3/2 - 5*z**2/2 + z. Let j be s(5). Calculate the highest common factor of 10 and j.
10
Let a be ((-5)/25)/(1/(-5)). Let v = 6 - -3. Calculate the highest common divisor of a and v.
1
Suppose -5*l = -3*l + 3*p - 156, 227 = 3*l + p. Let j = 145 - l. Calculate the highest common divisor of j and 14.
14
Suppose 76 = -2*c + 3*c - 5*m, 3*c - 4*m - 239 = 0. Let n be 2880/54 + 4/6. Calculate the highest common factor of c and n.
27
Let j = -2 - -8. Suppose -j*t + 52 = -4*t. Calculate the highest common factor of 182 and t.
26
Let b(l) = -6*l + 4*l + l**3 - l + 6*l**2. Let t be b(-5). Let o be 9 + 2*2/4. Calculate the highest common factor of o and t.
10
Suppose 0*i + i = 2*z - 77, 0 = -z - 3*i + 56. Suppose 2*p = 6*p - 60. Let d = z + p. What is the greatest common divisor of d and 7?
7
Let t be ((-11)/2)/((-5)/30). Calculate the greatest common factor of 3 and t.
3
Let l be 1/(-4) + (-21)/(-4). Suppose 2*z = -4*b + 94, l*b + 40 = z - 0*z. What is the greatest common divisor of 9 and z?
9
Let x(o) = 32*o - 4. Let y be x(5). Calculate the highest common factor of 12 and y.
12
Suppose 5*r - 22 - 14 = 4*n, -4*r + 4*n = -32. Suppose 3 = r*f - 21. Calculate the highest common divisor of f and 2.
2
Suppose a - 5*a = -440. What is the highest common divisor of a and 44?
22
Let z be 33/5 + (-6)/10. Calculate the highest common divisor of 12 and z.
6
Let t be ((-1)/1)/(-4 + 33/9). Calculate the greatest common factor of 21 and t.
3
Let h(z) = 2*z**2 - 6*z - 7. Let y be h(7). Suppose -50 = 2*c - 7*c + 5*v, -4*c + y = 5*v. Calculate the greatest common factor of c and 99.
11
Let k be (-22)/(-3)*60/8. Let q be (-64)/(-3) + 14/21. Calculate the highest common factor of k and q.
11
Let n(q) = -15*q**3 - 2*q**2 + 1. Let o be n(-1). Let p be -3*2/(-12)*o. Let u = 33 + 2. Calculate the greatest common divisor of p and u.
7
Let y be 6/21 - (-61)/7. Let q(h) = 6*h + 43. Let w be q(-7). What is the greatest common factor of y and w?
1
Let m(s) = -s**3 - 7*s**2 + 7*s + 6. Let p be m(-8). Let c = p + -3. Calculate the highest common factor of 99 and c.
11
Let m(z) = z**3 + 6*z**2 - z - 3. Let f be m(-6). Suppose f*x - 8 = -x. Calculate the greatest common divisor of 16 and x.
2
Let x = 1 - -2. Calculate the highest common divisor of 3 and x.
3
Suppose -4*u = 2*n - 14, n = -0*u + 3*u + 27. Calculate the highest common divisor of n and 6.
3
Let v = -83 + 95. Calculate the highest common factor of v and 276.
12
Let r = 22 - 7. Calculate the highest common factor of 5 and r.
5
Suppose -3*p + 1 = -2*u, -3*u - 21 = -6*u - 3*p. Let i = 131 + -87. What is the greatest common factor of u and i?
4
Let z be (-5 + 4)*12/(-2). Let q = 4 + 2. Calculate the greatest common factor of q and z.
6
Let s = -24 + 26. What is the greatest common factor of s and 16?
2
Let m(j) = 2*j**2 + 2*j - 4. Let q be m(3).